the thousands digit of 1666?
1
What is the ten thousands digit of 16897?
1
What is the units digit of 6909?
9
What is the ten thousands digit of 12611?
1
What is the tens digit of 6201?
0
What is the thousands digit of 10499?
0
What is the hundreds digit of 2738?
7
What is the tens digit of 13298?
9
What is the tens digit of 4947?
4
What is the thousands digit of 4039?
4
What is the thousands digit of 1487?
1
What is the thousands digit of 18350?
8
What is the thousands digit of 49218?
9
What is the units digit of 14862?
2
What is the tens digit of 2398?
9
What is the hundreds digit of 106797?
7
What is the tens digit of 13893?
9
What is the units digit of 26268?
8
What is the tens digit of 52836?
3
What is the units digit of 897?
7
What is the thousands digit of 8279?
8
What is the tens digit of 336?
3
What is the thousands digit of 58276?
8
What is the ten thousands digit of 20044?
2
What is the hundreds digit of 2321?
3
What is the hundreds digit of 1028?
0
What is the hundreds digit of 1367?
3
What is the thousands digit of 19696?
9
What is the units digit of 5223?
3
What is the tens digit of 2076?
7
What is the ten thousands digit of 60724?
6
What is the units digit of 45553?
3
What is the ten thousands digit of 40078?
4
What is the units digit of 971?
1
What is the thousands digit of 32815?
2
What is the ten thousands digit of 24338?
2
What is the thousands digit of 2303?
2
What is the thousands digit of 4886?
4
What is the units digit of 30091?
1
What is the units digit of 1059?
9
What is the thousands digit of 35387?
5
What is the hundreds digit of 13001?
0
What is the tens digit of 6084?
8
What is the tens digit of 636?
3
What is the hundreds digit of 14495?
4
What is the hundreds digit of 113459?
4
What is the thousands digit of 1468?
1
What is the tens digit of 15738?
3
What is the thousands digit of 114517?
4
What is the hundreds digit of 86637?
6
What is the tens digit of 96068?
6
What is the thousands digit of 22174?
2
What is the tens digit of 992?
9
What is the units digit of 1106?
6
What is the units digit of 630?
0
What is the units digit of 11762?
2
What is the thousands digit of 5590?
5
What is the thousands digit of 12238?
2
What is the thousands digit of 3552?
3
What is the hundreds digit of 1038?
0
What is the units digit of 37726?
6
What is the tens digit of 1483?
8
What is the hundreds digit of 1507?
5
What is the hundreds digit of 2529?
5
What is the units digit of 5458?
8
What is the tens digit of 13913?
1
What is the units digit of 10599?
9
What is the tens digit of 3527?
2
What is the tens digit of 1026?
2
What is the units digit of 1197?
7
What is the hundreds digit of 18071?
0
What is the thousands digit of 58329?
8
What is the tens digit of 722?
2
What is the thousands digit of 1065?
1
What is the units digit of 1652?
2
What is the hundreds digit of 197?
1
What is the units digit of 2226?
6
What is the units digit of 1185?
5
What is the tens digit of 13209?
0
What is the units digit of 12529?
9
What is the hundreds digit of 970?
9
What is the tens digit of 1876?
7
What is the ten thousands digit of 10896?
1
What is the hundreds digit of 18014?
0
What is the units digit of 157871?
1
What is the units digit of 3257?
7
What is the thousands digit of 81290?
1
What is the tens digit of 275?
7
What is the thousands digit of 16678?
6
What is the units digit of 47756?
6
What is the ten thousands digit of 13980?
1
What is the ten thousands digit of 30320?
3
What is the units digit of 3165?
5
What is the units digit of 24444?
4
What is the units digit of 36963?
3
What is the tens digit of 10021?
2
What is the thousands digit of 4127?
4
What is the hundreds digit of 5525?
5
What is the hundreds digit of 1313?
3
What is the ten thousands digit of 13684?
1
What is the thousands digit of 69856?
9
What is the hundreds digit of 705?
7
What is the hundreds digit of 11068?
0
What is the units digit of 1142?
2
What is the units digit of 399?
9
What is the ten thousands digit of 22274?
2
What is the tens digit of 2252?
5
What is the ten thousands digit of 18084?
1
What is the units digit of 38558?
8
What is the units digit of 3804?
4
What is the tens digit of 2098?
9
What is the units digit of 39108?
8
What is the tens digit of 1186?
8
What is the thousands digit of 16722?
6
What is the thousands digit of 21242?
1
What is the tens digit of 352?
5
What is the tens digit of 4623?
2
What is the tens digit of 2609?
0
What is the hundreds digit of 3129?
1
What is the hundreds digit of 140?
1
What is the tens digit of 263?
6
What is the thousands digit of 1655?
1
What is the tens digit of 1821?
2
What is the units digit of 4217?
7
What is the tens digit of 316?
1
What is the units digit of 1879?
9
What is the hundreds digit of 2610?
6
What is the ten thousands digit of 46048?
4
What is the units digit of 692?
2
What is the tens digit of 10874?
7
What is the units digit of 363?
3
What is the tens digit of 48183?
8
What is the thousands digit of 1456?
1
What is the units digit of 5851?
1
What is the hundreds digit of 5261?
2
What is the ten thousands digit of 83890?
8
What is the hundreds digit of 2134?
1
What is the tens digit of 683?
8
What is the tens digit of 5155?
5
What is the tens digit of 925?
2
What is the hundreds digit of 1258?
2
What is the tens digit of 2190?
9
What is the tens digit of 1440?
4
What is the thousands digit of 9639?
9
What is the units digit of 10643?
3
What is the thousands digit of 1046?
1
What is the ten thousands digit of 12798?
1
What is the units digit of 9373?
3
What is the units digit of 5326?
6
What is the hundreds digit of 4846?
8
What is the thousands digit of 3221?
3
What is the ten thousands digit of 110355?
1
What is the tens digit of 43801?
0
What is the hundreds digit of 936?
9
What is the hundreds digit of 5406?
4
What is the hundreds digit of 28759?
7
What is the hundreds digit of 97831?
8
What is the tens digit of 13430?
3
What is the thousands digit of 7079?
7
What is the tens digit of 3632?
3
What is the thousands digit of 3976?
3
What is the units digit of 168?
8
What is the thousands digit of 10627?
0
What is the tens digit of 2398?
9
What is the thousands digit of 68220?
8
What is the units digit of 61065?
5
What is the units digit of 13345?
5
What is the tens digit of 494?
9
What is the thousands digit of 3947?
3
What is the tens digit of 4139?
3
What is the tens digit of 3222?
2
What is the tens digit of 13491?
9
What is the hundreds digit of 1327?
3
What is the thousands digit of 30794?
0
What is the units digit of 1692?
2
What is the thousands digit of 165658?
5
What is the units digit of 4433?
3
What is the units digit of 537?
7
What is the thousands digit of 4695?
4
What is the thousands digit of 13189?
3
What is the units digit of 79?
9
What is the thousands digit of 49508?
9
What is the tens digit of 52303?
0
What is the thousands digit of 31076?
1
What is the tens digit of 1160?
6
What is the hundreds digit of 637?
6
What is the ten thousands digit of 10737?
1
What is the ten thousands digit of 12304?
1
What is the thousands digit of 5503?
5
What is the units digit of 7007?
7
What is the thousands digit of 90970?
0
What is the hundreds digit of 28452?
4
What is the units digit of 219?
9
What is the thousands digit of 174829?
4
What is the tens digit of 1607?
0
What is the thousands digit of 2038?
2
What is the thousands digit of 96477?
6
What is the units digit of 5228?
8
What is the thousands digit of 5585?
5
What is the thousands digit of 2967?
2
What is the units digit of 237?
7
What is the units digit of 93?
3
What is the tens digit of 19088?
8
What is the hundreds digit of 322?
3
What is the hundreds digit of 43761?
7
What is the tens digit of 689?
8
What is the hundreds digit of 947?
9
What is the tens digit of 621?
2
What is the tens digit of 18066?
6
What is the units digit of 21066?
6
What is the ten thousands digit of 123708?
2
What is the units digit of 4164?
4
What is the thousands digit of 32117?
2
What is the units digit of 44515?
5
What is the units digit of 54?
4
What is the ten thousands digit of 19019?
1
What is the units digit of 1115?
5
What is the thousands digit of 11345?
1
What is the units digit of 6322?
2
What is the hundreds digit of 861?
8
What is 